o?
2, 3, 71
Let m be 3/(673/(-2282) + 4/14). List the prime factors of (1 - (-2)/(-4))*m/(-1).
163
Let g = -19 + 19. Suppose -5*m - 169 = u + 61, g = m + 2*u + 37. Let b = 28 - m. What are the prime factors of b?
3, 5
Let r = 250 - -1048. What are the prime factors of r?
2, 11, 59
Let m = 3 - -2. Suppose 0 = -m*h + 9*h. Suppose -a = -h*a - 13. What are the prime factors of a?
13
Suppose 6*m - 12080 - 23860 = 0. List the prime factors of m.
2, 5, 599
Suppose w + 0 = -2*f - 2, 5*w + 23 = 3*f. Let i be 0 - f - 8/(-2). List the prime factors of 81/2 - i/(-6).
41
Suppose -3*s - 12 = -6*s. Suppose -n - 4 = -3*n - 2*j, 5*n = s*j + 19. Suppose -130 = -4*c + 5*h, -n*h + h = 4. What are the prime factors of c?
2, 3, 5
Let b be 8/(-3 + (-325)/(-105)). Suppose 4*g + 4*j = 188, -4*j + b = 3*g - g. List the prime factors of g.
2, 13
Let l(a) = -a**3 - 8*a**2 - 6*a - 9. Let h be l(-6). What are the prime factors of (-6)/((h/(-370))/(-3))?
2, 37
Let s(k) = -2*k**3 + 9*k**2 + 8*k + 15. What are the prime factors of s(5)?
2, 3, 5
Let o(i) = -9*i + 65. Suppose 30 - 30 = 7*j. List the prime factors of o(j).
5, 13
Let c(s) = -2*s**2 + 7*s + 8. Let b be c(9). List the prime factors of ((-390)/b)/(3/14).
2, 5
Let n = -299 - -543. Suppose -5*b = -n - 526. List the prime factors of b.
2, 7, 11
Let z = 5098 - 3608. List the prime factors of z.
2, 5, 149
Let d(z) = z**3 + z**2 - 237. Let b be d(0). List the prime factors of (b/6)/(8/(-16)).
79
Let u be (-4)/10 - 170/(-50). Let n(h) = h**3 + 9*h**2 + 2*h + 9. Let a be n(-8). What are the prime factors of a*(u/9 - 0)?
19
Suppose j + o = 1163, -16*o + 2332 = 2*j - 17*o. What are the prime factors of j?
5, 233
Let b(u) = u - 1. Let f(y) = 106*y - 5. Let x(w) = -6*b(w) + f(w). List the prime factors of x(1).
101
Let q be (76/28 - 3)*-7. Suppose -11 = -2*y - 3*u, -2*u - 25 = -3*y + q*u. Suppose -y*z + 36 = -5*z. List the prime factors of z.
2, 3
Let i be 1/((-4 + (-57)/(-15))/(-25)). What are the prime factors of (95 + 0)*5*40/i?
2, 19
Let d(o) = -4*o**3 - 4*o**2 - o + 78. Let c(y) = -y**3 - y**2 + 1. Let j(n) = -3*c(n) + d(n). List the prime factors of j(0).
3, 5
Let f = 333 - 189. Let k = -79 + f. What are the prime factors of k?
5, 13
Let s(m) = m**3 - 6*m**2 + 2. Let j be s(6). Suppose -2*k = -3*x + 82, 2*x + 2*x - 84 = j*k. Let c = -2 - k. List the prime factors of c.
2, 3
Let g be (27/36)/(1/4). Suppose 12 = 3*m - g. Suppose -77 = -m*k - 2*q + 118, -2*k = 3*q - 78. What are the prime factors of k?
3, 13
Suppose -69 = 3*s + 3*g, s + 4 = -3*g - 9. Let y = s + 62. List the prime factors of y.
2, 17
Let p(z) = -24*z - 1. Let w be p(1). Let t = -20 - w. Suppose -b + 166 = 5*s, s + 3*b = 41 - t. What are the prime factors of s?
3, 11
Let u = 92 + -6. Let v = u + -42. What are the prime factors of v?
2, 11
Let f = -878 + 1330. List the prime factors of f.
2, 113
Let t(k) = -k**3 + 11*k**2 + 15*k - 1. What are the prime factors of t(8)?
311
Let b(h) = 12*h - 7. Let y be b(-9). Let k = y - -202. List the prime factors of k.
3, 29
Let b be (24/9 + -2)/((-13)/(-39)). Suppose b*k = -2*k - f + 587, -123 = -k - 5*f. What are the prime factors of k?
2, 37
What are the prime factors of (-15)/(75/(-1310)) - 7?
3, 5, 17
Let y(j) = j**3 + 23*j**2 - 58*j - 27. What are the prime factors of y(-23)?
1307
Let k(s) = -s**3 - 3*s**2 - 15*s - 18. What are the prime factors of k(-6)?
2, 3, 5
Let q = 1187 - 543. What are the prime factors of q?
2, 7, 23
Let w(x) = -x**2 - 6*x - 7. Let v be w(-5). Let f be (-2)/v + -2 + 2. Let s(y) = 7*y**2 + y. List the prime factors of s(f).
2
Let x(l) = -l**3 + 20*l**2 - 19*l + 12. Let g be x(19). Let v = 9 + g. List the prime factors of v.
3, 7
What are the prime factors of (-23)/((21/343)/(-3))?
7, 23
Suppose 2*c = -5*x - 1212, -3*c + 202 = -2*x - 298. Let a = x + 413. What are the prime factors of a?
13
Suppose 2*i + 3*i = -440. Suppose -w = d - 7, 2*d - 4 = 3*w - 5. What are the prime factors of (-1)/w + i/(-3)?
29
Suppose 319 = 2*n - 223. What are the prime factors of n?
271
Suppose 0 = 2*f + a - 153, -2*a = 3*f + 2*a - 217. Let c = 86 - f. List the prime factors of c.
7
Suppose -5*h + 4 = -21. Suppose -h*z = 4*p - 275, -2*p = -z - z + 110. Suppose 6*c - z = c. What are the prime factors of c?
11
Suppose 3*u = 8*u - 30. Suppose u*i = i - 2120. List the prime factors of (i/20)/((-6)/15).
53
Suppose -32 = 3*v + v. Suppose 5*h + 3*m + 2*m - 65 = 0, 2*m = -5*h + 77. Let p = h + v. What are the prime factors of p?
3
Let n be (1 - -2)*(-70)/(-30). Suppose -n*d + d = -330. List the prime factors of d.
5, 11
Suppose -y + 469 = 4*g, 0*g - 2*g + 5*y + 207 = 0. List the prime factors of g.
2, 29
Let g = -1736 - -2595. What are the prime factors of g?
859
Let d(a) = -a**2 + a - 26. Let u(y) = 2*y**2 - y + 27. Let s(w) = 4*d(w) + 3*u(w). List the prime factors of s(-11).
2, 13
Suppose -5*r + 10 = 5*w, 5*w = r + 2*r + 2. Let k be r - (4/2 - 5). Suppose -k*m = -o - 4*o - 162, -80 = -2*m + 3*o. What are the prime factors of m?
43
Let n be (0 + 1)/1*8. Let u = 48 + -21. Let a = u - n. List the prime factors of a.
19
Let p(r) = r**3 - 5*r**2 + 6*r - 11. Let n be p(5). Suppose 0 = 5*t - 4*c - n + 1, 5*t - 8 = -c. Suppose h = t*h - 67. List the prime factors of h.
67
Let k(h) = -h**3 + 23*h**2 - 77*h - 14. What are the prime factors of k(15)?
631
Suppose -4080 = -7*s + 463. What are the prime factors of s?
11, 59
Let h(j) = -37*j - 2. Let u be h(6). Let z be (u/(-24))/((-1)/(-3)). Let k = z - 16. List the prime factors of k.
2, 3
Suppose 5*o + 15 = 10*o. Suppose 0 = -3*m + o*i - 3, -m - 27 = -6*m - 3*i. Suppose -t - m*t = -108. List the prime factors of t.
3
Let g = -236 + 158. What are the prime factors of (g/5)/((-2)/10)?
2, 3, 13
Let n(g) = -17*g**3 + 5*g**2 - g - 5. Let u(q) = -q**2 + 1. Let k = 4 - 5. Let o(x) = k*n(x) - 6*u(x). What are the prime factors of o(1)?
2, 3
Let x = -59 - -61. Suppose k + k - 96 = -f, -5*f - 72 = -x*k. What are the prime factors of k?
2, 23
Let l = 187 - 173. What are the prime factors of l?
2, 7
Let x be (-3 - -12)/(-1 + 0). Let d be x/(-6) - (-9)/2. List the prime factors of 16 + d/(-3)*1.
2, 7
Suppose 3*h - 12*h = 99. Suppose 0 = -q + 5*q - 8. List the prime factors of (q/4)/(h/(-198)).
3
Let m(k) = -k**2 - 5*k + 17. Let y be m(-7). Suppose y*u = -4*r + 7, -3 + 27 = 4*u - 2*r. Suppose 0 = -z + u + 4. List the prime factors of z.
3
Suppose -4*i + 8 = -0. Suppose -i*u - 2*c + 14 = 4, 5*u + 3*c = 23. Suppose -3*f + 67 = u. List the prime factors of f.
3, 7
Let n(a) = -5*a + 2*a - 8*a**2 + a**3 + 0*a - 9*a. List the prime factors of n(10).
2, 5
Let p = 264 - 261. Suppose -5*t + 41 = 6. Suppose p*h = t + 17. What are the prime factors of h?
2
Let u(h) = 7*h**2 - 4*h - 1. Let d be u(2). Suppose -3*q - r - d = 10, 0 = 2*q - 3*r + 12. Let k = q - -30. List the prime factors of k.
3, 7
What are the prime factors of 36 + -25 - (3 - 10)?
2, 3
Let g(f) = f**3 + 4*f**2 - 37*f - 2. What are the prime factors of g(7)?
2, 139
Suppose -2*m = i - 9, -4*m = 6*i - 2*i - 16. Suppose -m*g = 3*j - 4*j + 103, -5*g = 0. List the prime factors of j.
103
Let n(m) = -m - 1. Suppose 0 = -4*y + 2*y - 6. Let l be n(y). Suppose -i - c - 1 = -7, -34 = -4*i - l*c. What are the prime factors of i?
11
Suppose 5*h - 2882 = -s, -2*s = -h + 616 - 33. List the prime factors of h.
577
Let y(k) be the second derivative of -26*k**3/3 + 5*k**2/2 - 3*k. Let c(o) = -1. Let u(v) = -4*c(v) - y(v). List the prime factors of u(1).
3, 17
Suppose 0 = -5*l + 17 + 58. Let i be 327/(-13) + (-6)/(-39). List the prime factors of 15/i*-1*l.
3
Let a = -4 + 4. Suppose a = -7*s + 4*s + 189. List the prime factors of s.
3, 7
Suppose -3*r - 4*o + 6 = o, 5*o = 15. What are the prime factors of (-6)/9*r - (0 + -3)?
5
Let c be 4/(-3)*117/6. Suppose 4*q = -3*g - q + 16, -25 = -5*q. List the prime factors of (g - c) + (4 - 2).
5
Suppose -4*u + u = 0. Suppose u = -b - 4*b + 10. Suppose b*v = 2*p - 36 + 6, v = -2*p + 30. List the prime factors of p.
3, 5
Let b = -87 + 612. Suppose -5*n + 820 = -b. List the prime factors of n.
269
Let j = -178 - -3501. List the prime factors of j.
3323
Let g be (10/3)/((-3)/18). Let l = -14 - g. List the prime factors of 1248/30 + l/15.
2, 3, 7
What are the prime factors of 36/(-63) - (-1 - 59264/28)?
29, 73
Suppose 58*a -